3/(117/(-81)).
15
Calculate the remainder when 67 is divided by 2/12 + (-131)/(-6) + 3.
17
Suppose n + 20 = 3*n. Suppose 5*w - n = 0, 2*c - 26 = -c + 2*w. Suppose 2*a = -c, -v - 5*a - 2 + 4 = 0. Calculate the remainder when v is divided by 14.
13
Let u(q) = 14*q**2 - q. Calculate the remainder when 1*5 + (-20)/(-130)*338 is divided by u(-1).
12
Suppose 0 = 4*b - 2*z - 138, 121 = -z + 124. What is the remainder when b is divided by 22?
14
Let v(g) = 2*g - 8. Suppose -4*y = -4, 0*o + 2*y - 42 = 4*o. Calculate the remainder when (-206)/o + (-12)/(-30) is divided by v(8).
5
Calculate the remainder when ((-15)/(-105))/(2/1526) is divided by 37.
35
Let f be 14/35 - 18/(-5) - -2. Suppose 4*y = -f*y + 110. What is the remainder when y is divided by 6?
5
Let l(p) = -3*p + 12. Let o be l(5). What is the remainder when 59 is divided by (-24)/(-1 + 2 + o)?
11
Let i = -25 - -11. Let z = i + 17. What is the remainder when 7 - (-6 + -1 + z) is divided by 7?
4
Let z(b) = -b**2 + 6*b + 4. Let k be z(6). Suppose -7*j + 2*j = 4*q - 187, 20 = -k*j. Calculate the remainder when 211 is divided by q.
52
Let d(n) be the first derivative of n**4/4 + 2*n**3 - 7*n + 1. Suppose -39 = -x + 4*u - 29, -u - 30 = -3*x. Calculate the remainder when d(-5) is divided by x.
8
Let n = -700 - -709. What is the remainder when 158 is divided by n?
5
Let t = -121 + 200. Let n = -6 + 46. What is the remainder when t is divided by n?
39
Suppose -2*a = -5*w + 261 + 169, 361 = 4*w - 5*a. Suppose 2*b + 0*u = 3*u - 75, u = -5. Let p = b + w. What is the remainder when p is divided by 14?
11
Let b = -224 - -243. Calculate the remainder when 70 is divided by b.
13
Suppose -5*u = -6*u + 2. Let f(k) = -10*k + 1. Let d be f(u). Let q = -1 - d. Calculate the remainder when 51 is divided by q.
15
Let g = 70 + -49. Let d(l) = -l**2 - 15*l + 12. What is the remainder when g is divided by d(-15)?
9
Suppose 1227 - 343 = 26*o. What is the remainder when 609 is divided by o?
31
Let z = 50 + -28. Let x be (((-225)/(-10))/15)/(1/2). Suppose -x*u = -0*u - 195. Calculate the remainder when u is divided by z.
21
What is the remainder when 148 is divided by -8 + (-15)/(-3) - 34*-1?
24
Let b be 5 + 3/(-9)*3. Suppose 97 = 5*k + b*w, -k = -2*k - 2*w + 23. Calculate the remainder when k is divided by 7.
3
Let d = -22 - -40. What is the remainder when d is divided by 6 + 2/(4/(-2))?
3
Let m(j) = -j**2 + 21*j - 16. Let q be m(14). Let l = q - 69. What is the remainder when 48 is divided by l?
9
Let u = 289 + -174. What is the remainder when u is divided by 29?
28
Suppose 0 = -0*q + q - 2*c - 83, -5*q + 5*c + 390 = 0. Let m = 511 + -473. What is the remainder when q is divided by m?
35
Let i(r) = -r**3 + 7*r**2 + 17*r + 4. Let l be i(9). Suppose 3 = -5*h + 68. Calculate the remainder when h is divided by 46/11 + (-159)/(-33) + l.
1
Suppose 128*g = 47*g + 2349. Calculate the remainder when 114 is divided by g.
27
Suppose 4*w + 17 = -f, -5 = 5*f - 0*w + 4*w. Suppose -f*v - 64 = -8*v - d, -v + 11 = 2*d. Calculate the remainder when (-24 - 2/2)*-1 is divided by v.
12
Suppose -10 = -46*r + 43*r + a, -2*r - 15 = -5*a. Calculate the remainder when 143 is divided by r.
3
Suppose -4*d - 10 = -3*s + 28, 3*d + 3*s = -18. Let f(g) = -14 - 3*g - 5*g**2 + 27 - 18 - g**3 + 11*g. What is the remainder when f(d) is divided by 31?
30
Let r(x) = x + 23. Let o(s) = s**3 + 13*s**2 + 12*s + 6. Suppose 0*k + f = -3*k - 37, -k = 5*f + 17. Calculate the remainder when r(0) is divided by o(k).
5
Suppose r - 465 = 5*o, -16*o = -13*o - 15. Calculate the remainder when r is divided by 20.
10
Suppose 5 = p - 2*u, 2*u - 2 = 4*p + 5*u. Let t(m) = 8*m + 1. Let n(b) = 2017*b - 6045. What is the remainder when t(p) is divided by n(3)?
3
Suppose 7*l - 3*l + 20 = 0. Let t(s) = 10*s - 5. What is the remainder when t(5) is divided by (2/l)/(4/(-120))?
9
Let g be 3 - (-2 + 1/1). Let z = 165 - 145. Calculate the remainder when z is divided by (-3 - 0) + 5 + g.
2
Let y = -23 - 1. Calculate the remainder when (2 - y/(-15))*150 is divided by 21.
18
Suppose 3*t + 9 = -0, 2*t = 2*p - 138. Let u(l) = -l**3 - 3*l**2 + l - 6. Let n be u(-3). Let x = n + 32. What is the remainder when p is divided by x?
20
Suppose 0*d - 3*t - 120 = -3*d, -3*d - 3*t = -120. Calculate the remainder when 158*((-2)/4 - -1) is divided by d.
39
Let i(x) = -x + 9. Let b be i(8). Let y(j) = 133*j**2 + 2*j - 1. What is the remainder when y(b) is divided by 27?
26
Let t be (3 + -1)*2 - -14. Let m = t + 1. Let g = -6 + m. What is the remainder when 25 is divided by g?
12
What is the remainder when 136 + 3 + 336/42 is divided by 88?
59
Let m be 5 + (1 - 3) + -1. Let n = 250 - 167. Suppose 0 = x - i - n, -m*i - 144 = -x - 60. Calculate the remainder when x is divided by 28.
26
Suppose 0 = -2*l + 6*l - 64. Let d(j) = 15*j**2 - 7*j + 8. Let n be d(4). What is the remainder when (-5)/((-25)/n) - -1 is divided by l?
13
Suppose 4*q = 3*q. Suppose 4*w - 176 = u - 5*u, -4*u + 4*w + 168 = q. What is the remainder when u is divided by (1/2)/(2/60)?
13
Calculate the remainder when 74/(6 + -8 + 80/36) is divided by 122.
89
Let y(j) = -j - 4*j - j - j - 9. Let c(r) = r**3 - 6*r**2 + 7. What is the remainder when y(-4) is divided by c(6)?
5
Calculate the remainder when (-2)/3 - 893/(-3) is divided by (-780)/(-2730) + ((-2)/(-7))/((-1)/(-104)).
27
Let k = 3 + -7. Let s = 11 - k. What is the remainder when 42 is divided by s?
12
Let p = -61 - -82. Suppose -3*z + 26 = t + 5, 0 = -3*t + 5*z + p. What is the remainder when t is divided by 5?
2
Let p = -42 + 44. Let d(q) = q. Let y(m) = 4*m**2 - 7*m + 3. Let t(v) = 5*d(v) + y(v). Calculate the remainder when 58 is divided by t(p).
13
Let q be 47*(-2 + -3 - -7). Calculate the remainder when (-4 + 44/8)/(3/q) is divided by ((-3)/(-2))/(6/64).
15
Let m(j) = 4*j - 142. What is the remainder when 31 is divided by m(38)?
1
Let r be (-3)/(-5 - -2)*(-4)/(-2). Suppose -4*x + 90 = -0*n - r*n, -4*n + 51 = 3*x. What is the remainder when 56 is divided by x?
14
Let i = 18 + -4. Suppose -i = a + 4*f, 2*f - 7*f - 13 = -a. Let u = 5 + a. Calculate the remainder when 6 is divided by u.
0
Let j(k) = -3*k**2 + 25 - 7 - 2*k**3 - 14 + 4*k. What is the remainder when 37 is divided by j(-3)?
18
Let v(t) be the second derivative of t**3/6 + 11*t**2 + 23*t. Calculate the remainder when v(9) is divided by (1/(-1))/(2/(-16)).
7
Let r = 17 + -8. Let v = 23 - 16. Calculate the remainder when 3/r*(80 - -1) is divided by v.
6
Suppose 2 = -5*v + 5*r + 12, 4*v + r = 13. What is the remainder when 7 is divided by v?
1
Suppose 0 = 7*c + 391 - 111. Let d = c - -57. Calculate the remainder when 49 is divided by d.
15
Let o(t) = -2*t**2 - 39*t - 185. Let r be 1 + -3 - (-20 - 0). Suppose r = -3*c + 6*c. Calculate the remainder when c is divided by o(-10).
1
Let h = 839 + -420. What is the remainder when h is divided by 105?
104
Let q(c) = -5*c**2 + 5*c**2 + c**2 + 4*c - 3. Let s(v) = -49*v + 229. What is the remainder when s(4) is divided by q(2)?
6
Calculate the remainder when 197 is divided by ((-622)/2799)/(2/(-72) + 0).
5
Let t = -25 + 45. Let s = -14 + t. Calculate the remainder when 16 is divided by s.
4
Let h(g) = g**3 + 13*g**2 - 21*g - 10. Let w be h(-14). Let p = -29 + w. What is the remainder when p is divided by 20?
19
Let m = 0 - -3. Calculate the remainder when 78 is divided by (9 - (m - 4))*1.
8
Suppose 213 = -3*p + 5*p - u, 4*p - 3*u - 429 = 0. What is the remainder when p is divided by 10?
5
Let j(g) = 2*g + 10. Let n = 73 - 68. Suppose -n + 3 = -s - 5*b, 4*b + 4 = 0. Calculate the remainder when j(8) is divided by s.
5
Let z(c) = -6*c**2 - 3*c - 2. Let l be z(-3). Let o = l + 74. Calculate the remainder when 188 is divided by o.
26
Suppose -x + 2 = -3. Suppose 0*w + 3*w + 315 = 0. Calculate the remainder when (4/5)/((-6)/w) is divided by x.
4
Let a = -18 - -13. Let f(h) = -h - 2. Let y(w) = 2*w**2 - 39*w + 184. What is the remainder when y(7) is divided by f(a)?
0
Suppose 0 = -2*u - 5 + 23. Let b(a) be the third derivative of -7*a**4/24 - 91*a**3/6 - 54*a**2. Calculate the remainder when b(-15) is divided by u.
5
What is the remainder when 219*(8 - (6 + 1 + 0)) is divided by 118?
101
Suppose 8*l = 130 - 34. What is the remainder when 105 is divided by l?
9
Let s be (-6)/(-12) - 